{"id":12,"date":"2022-03-27T10:11:48","date_gmt":"2022-03-27T10:11:48","guid":{"rendered":"https:\/\/arms.armsyazilim.com.tr\/?page_id=12"},"modified":"2022-09-14T23:32:04","modified_gmt":"2022-09-14T23:32:04","slug":"home","status":"publish","type":"page","link":"https:\/\/armsyazilim.com.tr\/","title":{"rendered":""},"content":{"rendered":"\n\n\n\n<div style=\"height:40px\" aria-hidden=\"true\" class=\"wp-block-spacer\"><\/div>\n\n\n\n<div class=\"wp-block-media-text alignwide is-stacked-on-mobile has-background\" style=\"background:linear-gradient(270deg,rgb(251,251,251) 0%,rgb(222,222,222) 100%);grid-template-columns:30% auto\"><figure class=\"wp-block-media-text__media\"><img decoding=\"async\" width=\"1024\" height=\"820\" src=\"https:\/\/armsyazilim.com.tr\/wp-content\/uploads\/2022\/09\/ECOS-E32-Top.P150-1024x820.png\" alt=\"\" class=\"wp-image-1848 size-large\" srcset=\"https:\/\/armsyazilim.com.tr\/wp-content\/uploads\/2022\/09\/ECOS-E32-Top.P150-1024x820.png 1024w, https:\/\/armsyazilim.com.tr\/wp-content\/uploads\/2022\/09\/ECOS-E32-Top.P150-300x240.png 300w, https:\/\/armsyazilim.com.tr\/wp-content\/uploads\/2022\/09\/ECOS-E32-Top.P150-768x615.png 768w, https:\/\/armsyazilim.com.tr\/wp-content\/uploads\/2022\/09\/ECOS-E32-Top.P150-1536x1230.png 1536w, https:\/\/armsyazilim.com.tr\/wp-content\/uploads\/2022\/09\/ECOS-E32-Top.P150.png 1920w\" sizes=\"(max-width: 1024px) 100vw, 1024px\" \/><\/figure><div class=\"wp-block-media-text__content\">\n<h4 class=\"has-text-align-center has-text-color wp-block-heading\" style=\"color:#000000\"><strong>ECOS E32 &#8211; ESP32 Tabanl\u0131 End\u00fcstriyel Kontrol\u00f6r<\/strong><\/h4>\n\n\n\n<p class=\"has-text-align-center has-extra-small-font-size\"><a href=\"https:\/\/armsyazilim.com.tr\/?page_id=1868\" data-type=\"page\" data-id=\"1868\">Daha fazla bilgi \u2197<\/a><\/p>\n<\/div><\/div>\n\n\n\n<div style=\"height:40px\" aria-hidden=\"true\" class=\"wp-block-spacer\"><\/div>\n\n\n\n<div class=\"wp-block-media-text alignwide has-media-on-the-right is-stacked-on-mobile is-vertically-aligned-center has-background\" style=\"background:linear-gradient(135deg,rgb(251,251,251) 0%,rgb(222,222,222) 100%);grid-template-columns:auto 37%\"><figure class=\"wp-block-media-text__media\"><img decoding=\"async\" width=\"1024\" height=\"890\" src=\"https:\/\/armsyazilim.com.tr\/wp-content\/uploads\/2022\/04\/GKS-P40.42-1024x890.png\" alt=\"\" class=\"wp-image-120 size-full\"\/><\/figure><div class=\"wp-block-media-text__content\">\n<h4 class=\"has-text-align-center has-text-color wp-block-heading\" style=\"color:#000000\">GKS G\u00f6rsel Kontrol Sistemleri<\/h4>\n\n\n\n<p class=\"has-text-align-center has-extra-small-font-size\"><a href=\"https:\/\/armsyazilim.com.tr\/?page_id=82\">Daha fazla bilgi \u2197<\/a><\/p>\n<\/div><\/div>\n","protected":false},"excerpt":{"rendered":"<p>ECOS E32 &#8211; ESP32 Tabanl\u0131 End\u00fcstriyel Kontrol\u00f6r Daha fazla bilgi \u2197 GKS G\u00f6rsel Kontrol Sistemleri Daha fazla bilgi \u2197<\/p>\n","protected":false},"author":1,"featured_media":0,"parent":0,"menu_order":0,"comment_status":"closed","ping_status":"closed","template":"","meta":{"_uag_custom_page_level_css":"","footnotes":""},"class_list":["post-12","page","type-page","status-publish","hentry"],"yoast_head":"<!-- This site is optimized with the Yoast SEO plugin v21.5 - https:\/\/yoast.com\/wordpress\/plugins\/seo\/ -->\n<title>- ARMS Yaz\u0131l\u0131m<\/title>\n<meta name=\"robots\" content=\"index, follow, max-snippet:-1, max-image-preview:large, max-video-preview:-1\" \/>\n<link rel=\"canonical\" href=\"https:\/\/armsyazilim.com.tr\/\" \/>\n<meta property=\"og:locale\" content=\"tr_TR\" \/>\n<meta property=\"og:type\" content=\"article\" \/>\n<meta property=\"og:title\" content=\"- ARMS Yaz\u0131l\u0131m\" \/>\n<meta property=\"og:description\" content=\"ECOS E32 &#8211; ESP32 Tabanl\u0131 End\u00fcstriyel Kontrol\u00f6r Daha fazla bilgi \u2197 GKS G\u00f6rsel Kontrol Sistemleri Daha fazla bilgi \u2197\" \/>\n<meta property=\"og:url\" content=\"https:\/\/armsyazilim.com.tr\/\" \/>\n<meta property=\"og:site_name\" content=\"ARMS Yaz\u0131l\u0131m\" \/>\n<meta property=\"article:modified_time\" content=\"2022-09-14T23:32:04+00:00\" \/>\n<meta property=\"og:image\" content=\"https:\/\/armsyazilim.com.tr\/wp-content\/uploads\/2022\/09\/ECOS-E32-Top.P150-1024x820.png\" \/>\n<meta name=\"twitter:card\" content=\"summary_large_image\" \/>\n<meta name=\"twitter:label1\" content=\"Tahmini okuma s\u00fcresi\" \/>\n\t<meta name=\"twitter:data1\" content=\"1 dakika\" \/>\n<script type=\"application\/ld+json\" class=\"yoast-schema-graph\">{\"@context\":\"https:\/\/schema.org\",\"@graph\":[{\"@type\":\"WebPage\",\"@id\":\"https:\/\/armsyazilim.com.tr\/\",\"url\":\"https:\/\/armsyazilim.com.tr\/\",\"name\":\"- ARMS Yaz\u0131l\u0131m\",\"isPartOf\":{\"@id\":\"https:\/\/armsyazilim.com.tr\/#website\"},\"datePublished\":\"2022-03-27T10:11:48+00:00\",\"dateModified\":\"2022-09-14T23:32:04+00:00\",\"inLanguage\":\"tr\",\"potentialAction\":[{\"@type\":\"ReadAction\",\"target\":[\"https:\/\/armsyazilim.com.tr\/\"]}]},{\"@type\":\"WebSite\",\"@id\":\"https:\/\/armsyazilim.com.tr\/#website\",\"url\":\"https:\/\/armsyazilim.com.tr\/\",\"name\":\"ARMS Yaz\u0131l\u0131m\",\"description\":\"Ak\u0131ll\u0131 \u00dcretim Teknolojileri\",\"publisher\":{\"@id\":\"https:\/\/armsyazilim.com.tr\/#organization\"},\"potentialAction\":[{\"@type\":\"SearchAction\",\"target\":{\"@type\":\"EntryPoint\",\"urlTemplate\":\"https:\/\/armsyazilim.com.tr\/?s={search_term_string}\"},\"query-input\":\"required name=search_term_string\"}],\"inLanguage\":\"tr\"},{\"@type\":\"Organization\",\"@id\":\"https:\/\/armsyazilim.com.tr\/#organization\",\"name\":\"ARMS Yaz\u0131l\u0131m\",\"url\":\"https:\/\/armsyazilim.com.tr\/\",\"logo\":{\"@type\":\"ImageObject\",\"inLanguage\":\"tr\",\"@id\":\"https:\/\/armsyazilim.com.tr\/#\/schema\/logo\/image\/\",\"url\":\"https:\/\/armsyazilim.com.tr\/wp-content\/uploads\/2022\/03\/logo.png\",\"contentUrl\":\"https:\/\/armsyazilim.com.tr\/wp-content\/uploads\/2022\/03\/logo.png\",\"width\":984,\"height\":166,\"caption\":\"ARMS Yaz\u0131l\u0131m\"},\"image\":{\"@id\":\"https:\/\/armsyazilim.com.tr\/#\/schema\/logo\/image\/\"},\"sameAs\":[\"https:\/\/www.linkedin.com\/company\/arms-yazilim\"]}]}<\/script>\n<!-- \/ Yoast SEO plugin. -->","yoast_head_json":{"title":"- ARMS Yaz\u0131l\u0131m","robots":{"index":"index","follow":"follow","max-snippet":"max-snippet:-1","max-image-preview":"max-image-preview:large","max-video-preview":"max-video-preview:-1"},"canonical":"https:\/\/armsyazilim.com.tr\/","og_locale":"tr_TR","og_type":"article","og_title":"- ARMS Yaz\u0131l\u0131m","og_description":"ECOS E32 &#8211; ESP32 Tabanl\u0131 End\u00fcstriyel Kontrol\u00f6r Daha fazla bilgi \u2197 GKS G\u00f6rsel Kontrol Sistemleri Daha fazla bilgi \u2197","og_url":"https:\/\/armsyazilim.com.tr\/","og_site_name":"ARMS Yaz\u0131l\u0131m","article_modified_time":"2022-09-14T23:32:04+00:00","og_image":[{"url":"https:\/\/armsyazilim.com.tr\/wp-content\/uploads\/2022\/09\/ECOS-E32-Top.P150-1024x820.png"}],"twitter_card":"summary_large_image","twitter_misc":{"Tahmini okuma s\u00fcresi":"1 dakika"},"schema":{"@context":"https:\/\/schema.org","@graph":[{"@type":"WebPage","@id":"https:\/\/armsyazilim.com.tr\/","url":"https:\/\/armsyazilim.com.tr\/","name":"- ARMS Yaz\u0131l\u0131m","isPartOf":{"@id":"https:\/\/armsyazilim.com.tr\/#website"},"datePublished":"2022-03-27T10:11:48+00:00","dateModified":"2022-09-14T23:32:04+00:00","inLanguage":"tr","potentialAction":[{"@type":"ReadAction","target":["https:\/\/armsyazilim.com.tr\/"]}]},{"@type":"WebSite","@id":"https:\/\/armsyazilim.com.tr\/#website","url":"https:\/\/armsyazilim.com.tr\/","name":"ARMS Yaz\u0131l\u0131m","description":"Ak\u0131ll\u0131 \u00dcretim Teknolojileri","publisher":{"@id":"https:\/\/armsyazilim.com.tr\/#organization"},"potentialAction":[{"@type":"SearchAction","target":{"@type":"EntryPoint","urlTemplate":"https:\/\/armsyazilim.com.tr\/?s={search_term_string}"},"query-input":"required name=search_term_string"}],"inLanguage":"tr"},{"@type":"Organization","@id":"https:\/\/armsyazilim.com.tr\/#organization","name":"ARMS Yaz\u0131l\u0131m","url":"https:\/\/armsyazilim.com.tr\/","logo":{"@type":"ImageObject","inLanguage":"tr","@id":"https:\/\/armsyazilim.com.tr\/#\/schema\/logo\/image\/","url":"https:\/\/armsyazilim.com.tr\/wp-content\/uploads\/2022\/03\/logo.png","contentUrl":"https:\/\/armsyazilim.com.tr\/wp-content\/uploads\/2022\/03\/logo.png","width":984,"height":166,"caption":"ARMS Yaz\u0131l\u0131m"},"image":{"@id":"https:\/\/armsyazilim.com.tr\/#\/schema\/logo\/image\/"},"sameAs":["https:\/\/www.linkedin.com\/company\/arms-yazilim"]}]}},"uagb_featured_image_src":{"full":false,"thumbnail":false,"medium":false,"medium_large":false,"large":false,"1536x1536":false,"2048x2048":false,"hestia-blog":false},"uagb_author_info":{"display_name":"admin","author_link":"https:\/\/armsyazilim.com.tr\/?author=1"},"uagb_comment_info":0,"uagb_excerpt":"ECOS E32 &#8211; ESP32 Tabanl\u0131 End\u00fcstriyel Kontrol\u00f6r Daha fazla bilgi \u2197 GKS G\u00f6rsel Kontrol Sistemleri Daha fazla bilgi \u2197","_links":{"self":[{"href":"https:\/\/armsyazilim.com.tr\/index.php?rest_route=\/wp\/v2\/pages\/12","targetHints":{"allow":["GET"]}}],"collection":[{"href":"https:\/\/armsyazilim.com.tr\/index.php?rest_route=\/wp\/v2\/pages"}],"about":[{"href":"https:\/\/armsyazilim.com.tr\/index.php?rest_route=\/wp\/v2\/types\/page"}],"author":[{"embeddable":true,"href":"https:\/\/armsyazilim.com.tr\/index.php?rest_route=\/wp\/v2\/users\/1"}],"replies":[{"embeddable":true,"href":"https:\/\/armsyazilim.com.tr\/index.php?rest_route=%2Fwp%2Fv2%2Fcomments&post=12"}],"version-history":[{"count":22,"href":"https:\/\/armsyazilim.com.tr\/index.php?rest_route=\/wp\/v2\/pages\/12\/revisions"}],"predecessor-version":[{"id":1954,"href":"https:\/\/armsyazilim.com.tr\/index.php?rest_route=\/wp\/v2\/pages\/12\/revisions\/1954"}],"wp:attachment":[{"href":"https:\/\/armsyazilim.com.tr\/index.php?rest_route=%2Fwp%2Fv2%2Fmedia&parent=12"}],"curies":[{"name":"wp","href":"https:\/\/api.w.org\/{rel}","templated":true}]}}